-73)
0
What is 20 - (23 + (26 - 23) + -6)?
0
What is -54 + (-1963 - -1949 - (-3 + (-1 - -1) + -10))?
-55
What is the value of 1205 + -1216 - (-44 - 1 - 0)?
34
Calculate (-8 - (-9 - -8)) + (16 - 0 - -21).
30
Evaluate 1 + 6785 + -6698 + (1 - (0 + -13)).
102
(-1 - (2 - 1) - -8) + 1 - (6296 + -6253)
-36
What is the value of (-2 + -7 - -34) + -29 - 18?
-22
Evaluate -81 + -82 + 114 - 16.
-65
What is -4 + 41 + -13 - (-8 - (44 + 71))?
147
Evaluate 396 - 305 - ((0 - -1) + 27 + -34).
97
-8 + 1 + 54 + (33 - 56) + -14
10
Evaluate 42 + -59 - -93 - 73.
3
What is -1 + 15 + -57 - -56?
13
Calculate 38 + (-8 - (22 - (-28 - -77))).
57
Evaluate -1 + 29 - (58 + -50 + 4).
16
Evaluate 20 - (-8 + (29 - (-2 - (12 - 24))) + -5).
14
Evaluate (-35 - 3) + -19 + 15.
-42
What is -34 + (176 - (-116 - -173))?
85
Evaluate 14 - ((21 - (-44 + -9)) + 24).
-84
What is -12 - ((0 + -1 - 4 - (-1752 + 1786)) + 12)?
15
What is -39 + (-40 - -1 - (-1005 + 886))?
41
What is the value of -110 + 50 - (-12 - -2 - (-9 + (0 - -9)))?
-50
-29 - (-45 + -16 + 23 + -4)
13
What is (-161 - -107) + 27 + (1 - -62)?
36
Evaluate (-7 + 46 - 1 - 7) + (-11 - -5).
25
30 - (-65 - -25) - 74
-4
What is the value of 21 + -2 + -9 + -1 + 6?
15
-49 + 13 + -6 + (-16 - -26) + 1
-31
Evaluate (61 - -42 - 74) + (45 - 4).
70
Calculate (11 - (-1 - (-7 - -3))) + (-21 - -22) + -53.
-44
What is -2334 + 2375 - (3 + -12)?
50
What is (-38 - 24) + 36 - -31?
5
Calculate -124 - (-51 + -21) - (0 + -8).
-44
What is the value of (64 - 2) + -2 + (-5 - 17) + 38?
76
What is the value of 97 + (-74 - (82 + -8))?
-51
What is the value of -50 + 225 + -66 + 4 + -24?
89
What is the value of 12 + -19 - (-6 - -3 - -5 - (-51 + 62))?
2
What is 23 - (-21 + 51) - (-2 + -2) - -57?
54
What is 29 + 4 + (20 - 0) + (-2 - 8)?
43
What is 2 + -1 + 12 + 187 + -193 - (26 + -100)?
81
63 + (-23 - -8) + 4 + (4 - (4 + -11))
63
11 + (-18 - (1 + -15) - 5) + -48 + 0
-46
(-569 - -563) + (0 - 0) + 43 - -11
48
85 + -16 + -28 + -11
30
What is the value of ((47 - -4) + -3 - 13) + (4 - 14)?
25
1 + 10 - (-20 + 20 + -12 + 11 - -27)
-15
What is the value of 155 + -33 + -29 - -58?
151
What is (69 - 1) + -16 + 50 + -25 + -21?
56
What is the value of -3 + -44 + 30 + 20?
3
What is -83 - (-83 + 41 + 23 + (4 - 8))?
-60
What is (-7 - (34 + -8)) + 96 + -98?
-35
Evaluate 16 - (4 + -19 + 14) - 7.
10
Calculate 11 - (11 + (12 + -28 + 19 - -33)).
-36
Calculate (-57 - -124 - 54) + (36 - -1).
50
Evaluate 0 + (-8 - -30 - 0) + -2 + (-6 - -12).
26
What is (-3 - -28) + 0 - -15?
40
Evaluate -7 + (-7 - -11 - (4 + -2)) - (51 + -21).
-35
What is the value of (-13 - 4) + -15 + 18 - (62 - 22)?
-54
Evaluate -1826 - -1745 - (-42 - 0).
-39
What is (70 - 3) + 3 + (-982 - -962)?
50
What is the value of -7 - (-71 + 100 - (132 - -6))?
102
Evaluate 17 + -5 + (36 - -4).
52
What is (0 - -10) + -5 - (59 + 7)?
-61
Evaluate 86 - (-7 + 95) - (32 + -2 - -3).
-35
Evaluate -22 - -44 - (-25 + 23).
24
What is (-6 - (-1 - 3)) + -21 + (36 - 18) - -44?
39
What is the value of -112 - (-3 - (44 + -21 + 11 + -21))?
-96
What is the value of 49 + -96 + (42 - -68)?
63
(4 - 10) + 32 + (-19 - -7) - -47
61
Calculate (-10 + (10 - 3) - (19 - 19)) + -79 + 2.
-80
What is the value of (-11 - -31 - (4 + 140)) + 0 + -6?
-130
What is 3 + (0 - -9) + 4 + (-49 - -9)?
-24
What is the value of (50 - -2) + (-1043 - -986)?
-5
(1 + -2 - (245 - 234)) + 0 - (89 + 0)
-101
Calculate 10 + (-4 - 1 - (98 + -87)) - 5.
-11
Calculate 1 + 18 + 22 + 5 + -11.
35
Evaluate 0 - (0 - -8) - (195 + 40 + -227).
-16
-21 + 13 + -12 + -21 + 4
-37
(20 - (7 + -1)) + (102 - (0 + 27))
89
-2 - 69 - (17 + -3 + -8 + (-13 - -17))
-81
Calculate -54 - (10 + -8) - -125.
69
Calculate (49 - 0) + 3084 + -3065 - 37.
31
What is the value of (0 - -4 - 4) + (-5 - (-142 - (-7 + 12)))?
142
-2 - (-169 - -3) - 112
52
Evaluate 12 + 50 - (227 - 197).
32
Calculate (-18 + 85 - 86) + (1 - 15).
-33
Evaluate 8 - (19 - 4) - (-56 + 12).
37
Evaluate 8227 + -8222 - (1 - -6 - (2 - 4)).
-4
What is 87 + (59 - 90) + -9?
47
(-3 - (5 + 0)) + 2 - (-22 + 7 - -63)
-54
Evaluate 16 + 22 - ((4 - (3 - -3)) + -13).
53
(122 + -206 - -116) + 10
42
(-18 - 55) + 63 - (0 + -50)
40
12 + 63 + -16 + -20
39
What is 24 - (-7 + -1) - (14 - -30)?
-12
Calculate 1 + 6 + 1 + (-226 - -227) - -7.
16
Evaluate 70 + (19 - (43 + 22)).
24
What is the value of (-100 - -115) + 54 + -83?
-14
What is the value of 2 - (-2 + 1 + -53) - (-9 - 51 - -66)?
50
What is (-3 - (2 - 6)) + (-23 - (17 + -29))?
-10
What is 17 + 1 + 96 + -65 + -5 + -35?
9
Calculate -90 + 68 + -17 - -13.
-26
What is the value of (35 - 1 - (26 - (-25 + 54))) + 10?
47
-30 + (9 - 11) - -27 - (-2 - 88 - 2)
87
What is the value of 18 + (24 - -3) - ((-8 + -2 - -4) + -2)?
53
What is the value of (2 + 16 + -18 - 1) + 20?
19
What is -4 - (-7 - 5) - (9 - 20 - -24)?
-5
What is -149 - ((-19 - -5) + (12 + 7 + -30 - -13))?
-137
Calculate -8 - (14 + (21 + 2 - 24)).
-21
What is 17 + ((-14 - -11) + 8 - 14) + 6 + 2?
16
What is the value of -69 + (14 - (-170 + 40))?
75
Evaluate (12 + -8 - 1) + -5 + (16 - -1).
15
Calculate -9 - -2 - ((9 - 24 - -7) + 3 - -13).
-15
What is the value of 10 + (-30 - 16) + 32 + 13 + 1?
10
Evaluate 13 + (0 - 0 - 0 - 34) + -3.
-24
Calculate 7 - (-7 + 9) - (-156 + 52 + (5 - -5)).
99
What is the value of 1 + -7 + (-9 - -36) + -11 - (70 + -16)?
-44
(-2 - -3 - -1) + (4 - -86) - (-75 + 79)
88
2 + -3 + (4 - 5 - -6) + 23
27
What is the value of -395 - -411 - (0 + 18) - 22?
-24
-11 + 7 - (-142 + 7 - (-3 - (6 + 1)))
121
What is 22 + 16 + -2 + -51 + -26?
-41
Evaluate -92 + 55 + (38 - 2) - 65.
-66
What is -111 - -95 - (0 + -25)?
9
What is the value of -4 + -55 + 62 - -58?
61
Evaluate 47 - (46 + (-28 - 7)).
36
What is -57 + 17 + 31 + -19 + -23?
-51
(-945 - -937) + -42 + 0 + 21
-29
What is -203 + (307 - 87) + -108?
-91
9 + -7 - 19 - (-36 + 18 + -72)
73
Calculate 61 + -95 + 122 - 45.
43
(223 - 190) + -45 + -6 + 3
-15
What is 12 + -18 - -49 - (-6 + -1 - -15)?
35
13 + -5 + -2 + (0 - -42) + (-325 - -319)
42
What is -118 + 188 + -152 - -119?
37
What is the value of -11 + -6 + -43 + 41 + (-6 - -21)?
-4
Evaluate 37 - -13 - 63 - (-1 + 19).
-31
Calculate (16 - 7) + (-1 - 55) + (124 - 127).
-50
Evaluate -8 - -4 - (-1 + 9 + (226 - 212)).
-26
Evaluate (9 - -3) + (-1 - 3) - (-710 - -715).
3
What is -57 + (-32 - -109) - 57?
-37
Evaluate (-36 - -7) + (-81 + 48 - -150).
88
What is the value of -60 + -1 + (1389 - 1396)?
-68
Evaluate -56 + 0 - (-109 - -292 - 189).
-50
What is 80 - (11 + -25 - (-106 - -75))?
63
What is the value of (1 - 18) + (-5 - -5 - -5) + 5?
-7
-154 - -77 - -160 - 0
83
What is (8 - (3 + 0)) + 85 + -120 + 81?
51
What is 35 - (-212 - -196 - (-1 + -28))?
22
What is the value of -41 + (-148 - -38) + 160?
9
What is the value of 4 + (-1 - 13 - (-68 + 79))?
-21
Calculate (2 + -116 - -273) + -54.
105
-130 - (-80 + -104 + 155)
-101
What is the value of (4 - 8) + -14 - (-17 + 51 + -32)?
-20
What is -34 + (54 - -47) + -16 + -24?
27
What is 12 - (-1 - -3) - (414 + -415)?
11
-8 + 5 + 5 - 2 - -28 - -1
29
What is the value of 5 - (2 + -15 + 2 + -5 + -5 + -1)?
27
What is (2 - (-21 - (4 - 42))) + 54?
39
18581 + -18698 + (-1 - ((1 - 19) + 0))
-100
Calculate -52 + (45 - (51 + -37)).
-21
What is the value of 37 + (-13 + 10 - -24) - -23?
81
-2 - -1 - -3 - (0 - -20 - (-66 - -58))
-26
Calculate 6 - (45 + -13 + -28 + 15).
-13
Calculate -2 + -1 - ((24 - 1) + (1559 - 1640)).
55
Evaluate (0 - -4 - -1) + (-502 - -485).
-12
(-82 - (-3 + 2)) + 236 + -211
-56
What is the value of (8 - 2 - (40 - -6)) + (-17 - -9) + 12?
-36
Calculate -19 - (-51 + 128 - 163).
67
What is 11 - (76 + 42 + -76)?
-31
Evaluate -42 + 218 - 101 - (-2 - (0 - (-2 - -3))).
76
Evaluate 15 - (15 + -4 - (-14 - (21 + -6))).
-25
(-2 + 1 + -2 - 2) + (454 - (-469 - -820))
98
Calculate 211 - ((-24 - 4) + 132).
107
What is 212 - 1 - (-13214 + 13332)?
93
Evaluate -16 - (1 + (1 + -9 - (11 + -6))).
-4
Calculate -69 + 218 + -100 - (-1 + -29).
79
Calculate -58 - (-127 + (217 - 107)).
-41
What is -3 + -1 - (-66 - -14 - -40)?
8
What is the value of 1 + -12 - ((-17 - (13 + -29)) + -2 + -23)?
15
Calculate 64 + (449 - 435 - (-13 - -4 - -4)).
83
Evaluate -8 + -2 + 40 + (26 - 40 - -33).
49
What is the value of -48 + (1 - -1) + -44 + (301 - 257)?
-46
What is -376 + 401 + 2 + -6 + -4?
17
-47 - (-79 + 68 - 53)
17
Calculate (-3 - 1) + -80 + (304 - 268).
-